. Calculate the highest common divisor of m and v.
11
Suppose 0 = -4*t + 357 + 3. Calculate the greatest common divisor of t and 10.
10
Suppose v + i - 18 = 0, -92 = 2*v - 7*v - 4*i. What is the highest common factor of v and 100?
20
Let a = 20 - -46. Suppose 0 = -o - 16 + a. What is the greatest common factor of o and 10?
10
Let d be ((1 - -4) + 0)*5. Calculate the greatest common divisor of d and 50.
25
Let c = 66 + -43. What is the greatest common factor of c and 161?
23
Let w be (-508)/(-6) + (-2)/(-6). Let g be (-6)/(-9) - 49/(-3). Calculate the greatest common divisor of w and g.
17
Suppose 3*d = -0*d + 105. Let q = -31 + 45. What is the greatest common divisor of q and d?
7
Let v be 3*(5/3 - 0). Suppose v*i - 3*i - 20 = 0. Calculate the greatest common divisor of i and 30.
10
Let t = 20 - -12. Let d be (10/(-3))/(-1)*6. Suppose 0 = 4*k + k - d. What is the highest common divisor of t and k?
4
Let w be (1 + -2 - -2)*7. Let m = w + 7. Calculate the greatest common divisor of 14 and m.
14
Let c = -55 + 100. Calculate the greatest common factor of c and 15.
15
Let c be (96 - 0)/3*1. Let f(r) = -3*r - 11*r**2 + 4 + 6*r + 12*r**2. Let a be f(-4). Calculate the highest common factor of a and c.
8
Let y(v) = v - 7. Suppose 5*o + 4*z - 67 = -0*o, -o + 23 = 4*z. Let q be y(o). What is the greatest common factor of q and 44?
4
Let d(u) = u + 4. Let x be d(5). Calculate the highest common divisor of x and 1.
1
Let p = -1 + 8. Suppose 4*t - 135 = -3*i, 24 = 2*i - 3*t - 83. Calculate the greatest common factor of p and i.
7
Let s(c) = c**3 + 4*c**2 - 4*c + 7. Let g be s(-5). Let b be 1 + 1 - (-74)/g. Calculate the greatest common factor of 13 and b.
13
Let z be (-168 + 0)/(21/(-42)). What is the greatest common factor of 14 and z?
14
Let j(p) = 35*p**2 + 4*p + 3. Let n be j(-2). Let f = -74 - -121. Suppose 28 = 5*g - f. What is the highest common divisor of n and g?
15
Suppose -4*g = -10 - 2. Suppose k + 17 = 4*q, -6*q - k = -2*q - 23. Let n be (36/15)/(1/q). What is the greatest common divisor of n and g?
3
Let p(g) = -22*g - 122. Let q be p(-7). Let n be (-3 + -1)*(-65 + 1). Calculate the highest common divisor of n and q.
32
Let l(j) = 3*j**2 + 48*j - 19. Let q be l(-17). Calculate the highest common divisor of 256 and q.
32
Let h = -501 - -749. Let o be (-2)/(-9) - h/(-18). What is the highest common divisor of o and 35?
7
Let h(c) = 2*c**2 + 8*c + 4. Let z be h(-5). Let u be 7*-1*(-12)/z. Calculate the highest common divisor of u and 24.
6
Let g = 48 + 37. What is the highest common factor of g and 17?
17
Let c = 5 - 3. Let a be c/(-6)*(4 + -1). Let g(s) = -13*s**3 - 1. Let f be g(a). What is the greatest common factor of f and 3?
3
Let h be 5 - ((-6)/(-4))/(3/4). What is the greatest common divisor of h and 4?
1
Suppose -4*z + 13 = -f, -3*z + 7 = -2*f - 4. Calculate the highest common factor of z and 24.
3
Suppose 13*b + 160 - 498 = 0. What is the highest common divisor of b and 91?
13
Suppose 3*y = -4*b + 3, y + y - 16 = 2*b. Suppose 2*p = -y*x + 3*p + 79, -x - 3*p = -19. Suppose 2*f = -30 + 318. What is the highest common divisor of f and x?
16
Suppose -59 = -4*a + 3*n, 5*a + 7*n - 3*n = 35. What is the greatest common divisor of 308 and a?
11
Let j be (175 - 6) + 1 + 1. What is the greatest common factor of j and 19?
19
Let t be (343/(-4))/((-7)/(-28)). Let f = t - -516. Let w = f + -75. What is the greatest common divisor of 14 and w?
14
Suppose -2*g = -4*a + a - 94, 0 = 5*g + 3*a - 214. Let h(u) = u**3 + 5*u**2 + u + 1. Let y be h(-2). Calculate the greatest common factor of y and g.
11
Suppose -4 = -3*h + 5. Suppose 0 = -4*q - 5*f + 30, h*q = -0*q - 3*f + 24. Let r be (4/q)/(2/10). Calculate the greatest common factor of 8 and r.
2
Let h(b) = -b**2 - 14*b - 1. Let z be h(-12). Calculate the greatest common factor of z and 299.
23
Let v(d) = 2*d - 3 + 3*d - 3*d - 1. Suppose 6 = -0*x + 2*x, 4*h = 4*x + 8. Let a be v(h). What is the greatest common factor of a and 6?
6
Suppose -2*q = -q - 175. Calculate the highest common divisor of 25 and q.
25
Let k be 22/(-55) + (-284)/(-10). What is the greatest common divisor of k and 7?
7
Let u be 0*(-1)/2 + 2. Let i be ((-52)/20 + u)*-15. What is the greatest common factor of i and 45?
9
Let a = 27 - 14. Let s(r) = r + 4. Let v be s(-3). Let f be (v/1)/((-1)/(-39)). Calculate the greatest common factor of a and f.
13
Let c(i) = 3*i - 7. Let r be c(5). Calculate the greatest common divisor of r and 32.
8
Let z(g) = g**3 + 30*g**2 + 22*g - 41. Let n be z(-29). Let o = -70 + 20. Let a = -32 - o. Calculate the greatest common divisor of a and n.
18
Suppose -3*m + 16 = 4*s - 3, -2*s + 4*m + 4 = 0. Let v = -2 + s. Calculate the greatest common divisor of v and 16.
2
Let x(w) = 50*w - 5. Let l be x(1). What is the greatest common divisor of l and 18?
9
Let m = 130 - 58. Calculate the highest common factor of 8 and m.
8
Let z be (72/15)/((-6)/(-15)). Calculate the greatest common divisor of 12 and z.
12
Suppose -3*t - 5*z + 90 = 0, z + 0*z = -5*t + 150. Let s = t - 17. What is the greatest common factor of 117 and s?
13
Let w(c) = 4*c**2 - c + 1. Let o(s) = 2*s - 2. Let u be o(2). Let p be w(u). Calculate the highest common divisor of p and 5.
5
Let p = -15 + 29. Calculate the highest common factor of 154 and p.
14
Let m(z) = -4*z**3 - 5*z**2 + z + 10. Let c be m(-3). Calculate the greatest common divisor of 56 and c.
14
Let d(j) = j**3 - 11*j**2 + 4*j + 6. Let h be d(12). Suppose 0 = -3*s + 14 - 5. Suppose -46 = -s*n + 8. What is the highest common factor of n and h?
18
Let p = 24 + -16. Suppose z + z + 12 = 0. Let l be z/(-9) + (-214)/(-3). Calculate the greatest common divisor of l and p.
8
Suppose 4*x + 0*x = -2*d + 58, 0 = 2*d - 3*x - 23. Calculate the highest common factor of 133 and d.
19
Suppose 10*s = 31 - 11. Calculate the greatest common factor of 16 and s.
2
Suppose m = -3*m - 4. Let k be 2 + (-6)/1 - m. Let x be ((-4)/k)/((-2)/(-6)). Calculate the greatest common divisor of x and 16.
4
Let w be -2*(-3 - 29)/4. Let i(v) = v + 3. Let g be i(-5). Let c(u) = -73*u - 2. Let a be c(g). What is the highest common divisor of a and w?
16
Suppose -33 = -8*b + 63. Calculate the greatest common divisor of b and 84.
12
Let h be (1 - 5)*(-42)/56. Calculate the greatest common factor of 9 and h.
3
Suppose 4 = -h - 1. Let b = -4 - h. Calculate the highest common factor of 6 and b.
1
Suppose r = 3, -5*l + 4*r + 0*r = 17. Let c = 2 + l. Let d = c - -4. Calculate the highest common divisor of 1 and d.
1
Suppose 3*u - 258 = -2*j, 2*u = -4*j - j + 183. Calculate the highest common factor of u and 12.
12
Let w = 27 - -13. What is the highest common divisor of 8 and w?
8
Suppose t + 28 = 4*p - p, 5*p - 44 = -t. What is the highest common divisor of p and 171?
9
Suppose 0 = -5*c, -3*i = c - 0*c + 72. Suppose 3*r + g - 3*g = -54, -5*g + 18 = -r. Let h be r/(-8)*i/(-6). What is the greatest common divisor of 36 and h?
9
Suppose 2*o - 19 = 1. Calculate the highest common factor of 10 and o.
10
Suppose 15 + 5 = x. Let v = 11 + -7. What is the highest common divisor of v and x?
4
Let m(w) = -2*w**3 - 4*w**2 - 6*w - 4. Let c be m(-5). Calculate the greatest common factor of c and 16.
16
Let l be (1 - 3)/1 - -46. What is the greatest common divisor of l and 11?
11
Suppose u + 15 = 34. Calculate the greatest common divisor of u and 38.
19
Let q(c) = 2*c**2 + 3*c**2 - 3*c**2. Let s be q(-2). Calculate the highest common divisor of s and 8.
8
Let l(r) = -r + 15. Let g be l(11). Suppose p - 168 = -3*n + g*p, 0 = -3*n + 2*p + 167. Calculate the highest common factor of n and 22.
11
Let i(r) = -2*r**2 + 14*r + 1. Let a be i(6). Calculate the greatest common factor of a and 52.
13
Let a(h) = h**3 + 5*h**2 + 3*h - 2. Let r be a(-4). Suppose 3*c = -c. Suppose c = -r*n - 3*n + 30. Calculate the greatest common divisor of 18 and n.
6
Let l = 48 - -42. Let a(o) = 30*o. Let g be a(1). Suppose g = 2*z + z. What is the greatest common factor of z and l?
10
Let t(l) = 21*l - 4. Let w be t(4). Let o(n) = 15*n**3 + n**2 - n + 1. Let h be o(1). Calculate the highest common factor of h and w.
16
Let x = 36 + -6. Let q(z) = 12*z**2 + 2*z + 1. Let c be q(-1). Let w be -1*1 + 0 + c. What is the highest common factor of x and w?
10
Let y be (-2)